{"id":300,"date":"2015-04-14T09:20:14","date_gmt":"2015-04-14T07:20:14","guid":{"rendered":"https:\/\/sw6.hoseonline.de\/blog\/?page_id=300"},"modified":"2016-08-18T13:40:59","modified_gmt":"2016-08-18T11:40:59","slug":"guertelgroessen","status":"publish","type":"page","link":"https:\/\/www.hoseonline.de\/blog\/modeberater\/guertelgroessen\/","title":{"rendered":"G\u00fcrtel Guide"},"content":{"rendered":"<h4>G\u00fcrtelgr\u00f6\u00dfen bestimmen &#8211; Der Eierund L\u00e4ngenratgeber<\/h4>\n<p>Der perfekte Sitz Ihrer Jeans \u2013 ohne G\u00fcrtel oft undenkbar! <a href=\"https:\/\/www.hoseonline.de\/damen\/guertel\">G\u00fcrtel<\/a> sorgen nicht nur f\u00fcr den besonderen <strong>Halt<\/strong> Ihrer <a href=\"https:\/\/www.hoseonline.de\/damen\/jeans-hosen\">Hose<\/a>, sondern sind vor allem auch Schmuckst\u00fccke, die Ihr Outfit abrunden und f\u00fcr das gewisse Etwas sorgen- eben f\u00fcr einen vollendeten Stil.<\/p>\n<p>Wichtig ist dabei nat\u00fcrlich, dass Sie Ihren optimal sitzenden G\u00fcrtel finden, der sich Ihrer Figur anpasst und weder zu locker sitzt, noch f\u00fcr ein nervig zwickendes Gef\u00fchl auf Ihren H\u00fcftknochen sorgt.<\/p>\n<h6>Wie genau wird gemessen?<\/h6>\n<p>Messen Sie Ihre nat\u00fcrliche G\u00fcrtellinie zwischen der Oberkante der H\u00fcftknochen und den unteren Rippen aus. Wichtig ist hierbei, dass Ihre Atmung normal ist, Sie eine aufrechte Haltung einnehmen und Ihren Unterleib entspannen.<\/p>\n<p>Ihr Bundumfang ist das G\u00fcrtelbestellma\u00df: Der G\u00fcrtel ist immer etwa 15 cm l\u00e4nger als das G\u00fcrtelma\u00df, z.B. ein 85er G\u00fcrtel ohne Schnalle ist etwa 100 cm lang!<\/p>\n<h6>Ihre M\u00f6glichkeiten<\/h6>\n<p>Im Gro\u00dfen und Ganzen haben Sie <strong>mehrere M\u00f6glichkeiten<\/strong>, Ihre G\u00fcrtell\u00e4nge herauszufinden:<\/p>\n<p>Die erste w\u00e4re, dass Sie ganz einfach ein Ma\u00dfband wie einen G\u00fcrtel um Ihren Hosenbund herumlegen und das Ma\u00df in Zentimetern auf 5 oder 0 runden, sodass Sie beispielsweise bei einer Messung von 83 cm als G\u00fcrtell\u00e4nge die 80er oder 85er Variante w\u00e4hlen (beide werden Ihnen passen).<\/p>\n<p>Eine weitere Alternative ist, dass Sie ihren Taillenumfang messen und sich hierbei im Voraus zu \u00fcberlegen, wie genau Sie Ihren G\u00fcrtel tragen m\u00f6chten- locker auf der Hose sitzend oder eng auf Taille geschn\u00fcrt?!<\/p>\n<p>Entscheidend ist trotz der vielf\u00e4ltigen Tragealternativen, dass Sie Ihrer individuellen Gr\u00f6\u00dfe treu bleiben, denn das eigenst\u00e4ndige Stechen von L\u00f6chern ist oftmals nicht akkurat genug oder f\u00fchrt zum Ausfransen der Enden.<\/p>\n<p>Die einfachste Variante ist das Zur\u00fcckgreifen auf einen Ihrer G\u00fcrtel, der Ihnen besonders gut passt: messen Sie diesen vom Dorn bis zum mittleren Loch (zur besseren Darstellung dient das folgende Bild).<\/p>\n<h6>Nun kann wirklich nichts mehr schief gehen!<\/h6>\n<p>Machen Sie sich keine Sorgen beim Kauf Ihres G\u00fcrtels.\u00a0 Achten Sie einfach beim Messen auf die Genauigkeit und gehen Sie die M\u00f6glichkeiten, bestenfalls mit einem Partner, schrittweise durch.<\/p>\n<p>Die nachfolgende <strong>G\u00fcrtelgr\u00f6\u00dfentabelle<\/strong> (Mann und Frau) sollte Ihnen helfen, Ihre ideale G\u00fcrtell\u00e4nge zu finden.<\/p>\n<p>Nach richtiger Einordnung haben Sie nicht nur einen optisch erstklassigen <a href=\"https:\/\/www.hoseonline.de\/herren\/guertel\">G\u00fcrtel<\/a>, sondern vor allem einen, der Ihnen einen 1a Halt verspricht!<\/p>\n<p>&nbsp;<\/p>\n<p><span style=\"text-decoration: underline;\"><strong>Hier geht&#8217;s zu unseren G\u00fcrteln f\u00fcr <a title=\"Dameng\u00fcrtel online kaufen\" href=\"https:\/\/www.hoseonline.de\/damen\/guertel\">Damen<\/a> und <a title=\"G\u00fcrtel f\u00fcr Herren\" href=\"https:\/\/www.hoseonline.de\/herren\/guertel\">Herren<\/a><\/strong><\/span><\/p>\n<p>&nbsp;<\/p>\n<p><strong>G\u00fcrtelgr\u00f6\u00dfentabelle Herren und Damen<\/strong><\/p>\n<p><img decoding=\"async\" style=\"opacity: 1; visibility: visible;\" title=\"So gehts ohne Messen: Einfach anhand der Konfektionsgr\u00f6\u00dfe Ihre G\u00fcrtelgr\u00f6\u00dfe bestimmen!\" src=\"\/media\/image\/masstabelle_guertel.jpg\" alt=\"G\u00fcrtelgr\u00f6\u00dfentabelle\" border=\"0\" data-src=\"\/media\/image\/masstabelle_guertel.jpg\" \/><\/p>\n<p>&lt;<a title=\"Quelle des Bildes\" href=\"http:\/\/www.daniels-korff.de\/%24WS\/daniels-korff\/websale8_shop-daniels-korff\/benutzer\/templates\/ws-customer-Deutsch\/Infoseiten\/images\/masstabelle_guertel.jpg\" target=\"_blank\" rel=\"nofollow\">Bildquelle<\/a>&gt;<\/p>\n","protected":false},"excerpt":{"rendered":"<p>G\u00fcrtelgr\u00f6\u00dfen bestimmen &#8211; Der Eierund L\u00e4ngenratgeber Der perfekte Sitz Ihrer Jeans \u2013 ohne G\u00fcrtel oft undenkbar! G\u00fcrtel sorgen nicht nur f\u00fcr den besonderen Halt Ihrer Hose, sondern sind vor allem auch Schmuckst\u00fccke, die Ihr Outfit abrunden und f\u00fcr das gewisse Etwas sorgen- eben f\u00fcr einen vollendeten Stil. Wichtig ist dabei nat\u00fcrlich, dass Sie Ihren optimal sitzenden G\u00fcrtel finden, der sich Ihrer Figur anpasst und weder zu locker sitzt, noch f\u00fcr ein nervig zwickendes Gef\u00fchl auf Ihren H\u00fcftknochen sorgt. Wie genau wird gemessen? Messen Sie Ihre nat\u00fcrliche G\u00fcrtellinie zwischen der Oberkante der H\u00fcftknochen und den unteren Rippen aus. Wichtig ist hierbei, dass Ihre Atmung normal ist, Sie eine aufrechte Haltung einnehmen und Ihren Unterleib entspannen. Ihr Bundumfang ist das G\u00fcrtelbestellma\u00df: Der G\u00fcrtel ist immer etwa 15 cm l\u00e4nger als das G\u00fcrtelma\u00df, z.B. ein 85er G\u00fcrtel ohne Schnalle ist etwa 100 cm lang! Ihre M\u00f6glichkeiten Im Gro\u00dfen und Ganzen haben Sie mehrere M\u00f6glichkeiten, Ihre G\u00fcrtell\u00e4nge herauszufinden: Die erste w\u00e4re, dass Sie ganz einfach ein Ma\u00dfband wie einen G\u00fcrtel um Ihren Hosenbund herumlegen und das Ma\u00df in Zentimetern auf 5 oder 0 runden, sodass Sie beispielsweise bei einer Messung von 83 cm als G\u00fcrtell\u00e4nge die 80er oder 85er Variante w\u00e4hlen (beide werden Ihnen [&hellip;]<\/p>\n","protected":false},"author":2,"featured_media":0,"parent":54,"menu_order":0,"comment_status":"open","ping_status":"open","template":"","meta":{"footnotes":""},"class_list":["post-300","page","type-page","status-publish","hentry"],"aioseo_notices":[],"_links":{"self":[{"href":"https:\/\/www.hoseonline.de\/blog\/wp-json\/wp\/v2\/pages\/300","targetHints":{"allow":["GET"]}}],"collection":[{"href":"https:\/\/www.hoseonline.de\/blog\/wp-json\/wp\/v2\/pages"}],"about":[{"href":"https:\/\/www.hoseonline.de\/blog\/wp-json\/wp\/v2\/types\/page"}],"author":[{"embeddable":true,"href":"https:\/\/www.hoseonline.de\/blog\/wp-json\/wp\/v2\/users\/2"}],"replies":[{"embeddable":true,"href":"https:\/\/www.hoseonline.de\/blog\/wp-json\/wp\/v2\/comments?post=300"}],"version-history":[{"count":7,"href":"https:\/\/www.hoseonline.de\/blog\/wp-json\/wp\/v2\/pages\/300\/revisions"}],"predecessor-version":[{"id":1808,"href":"https:\/\/www.hoseonline.de\/blog\/wp-json\/wp\/v2\/pages\/300\/revisions\/1808"}],"up":[{"embeddable":true,"href":"https:\/\/www.hoseonline.de\/blog\/wp-json\/wp\/v2\/pages\/54"}],"wp:attachment":[{"href":"https:\/\/www.hoseonline.de\/blog\/wp-json\/wp\/v2\/media?parent=300"}],"curies":[{"name":"wp","href":"https:\/\/api.w.org\/{rel}","templated":true}]}}